{"id":9,"date":"2025-06-02T15:22:36","date_gmt":"2025-06-02T19:22:36","guid":{"rendered":"https:\/\/cotidianamentelili.com.br\/?page_id=9"},"modified":"2025-06-11T16:39:20","modified_gmt":"2025-06-11T20:39:20","slug":"sobre","status":"publish","type":"page","link":"https:\/\/cotidianamentelili.com.br\/?page_id=9","title":{"rendered":"O Blog"},"content":{"rendered":"<p style=\"text-align: justify; background: white; margin: 3.6pt 0cm 3.6pt 0cm;\"><span style=\"font-family: 'Calibri','sans-serif';\">N\u00e3o vou mentir: durante anos, nutri o sonho de me tornar uma escritora famosa, apesar do p\u00e2nico de falar em p\u00fablico e de ser o centro das aten\u00e7\u00f5es (isso seria\/\u00e9 impens\u00e1vel e impratic\u00e1vel), mas mesmo assim, sempre gostei de escrever e acredito que tenha certa habilidade para a escrita, desde os tempos da escola, n\u00e3o que seja f\u00e1cil, porque n\u00e3o \u00e9, mas \u00e9 um processo prazeroso, ainda que desafiador.<\/span><\/p>\n<p>&nbsp;<\/p>\n<h4>Publica\u00e7\u00e3o<\/h4>\n<p style=\"text-align: justify; background: white; margin: 3.6pt 0cm 3.6pt 0cm;\"><span style=\"font-family: 'Calibri','sans-serif';\">Por incr\u00edvel que possa parecer, a ideia de publicar meus textos n\u00e3o nasceu originalmente desse sonho; primeiramente, a escrita constante come\u00e7ou a partir de uma necessidade terap\u00eautica que chamei de autoan\u00e1lise, era apenas um exerc\u00edcio de autoconhecimento sugerido pela minha psic\u00f3loga \u00e0 \u00e9poca, que anos depois se transformou em cr\u00f4nicas para um jornal local (falo mais disso em uma delas), que dada a efemeridade das publica\u00e7\u00f5es jornal\u00edsticas, sumiram-se no tempo. Agora, depois de muitos anos, surgiu uma vontade quase incontrol\u00e1vel de mostrar para mais pessoas minhas impress\u00f5es da vida cotidiana.<\/span><\/p>\n<p style=\"text-align: justify; background: white; margin: 3.6pt 0cm 3.6pt 0cm;\"><span style=\"font-family: 'Calibri','sans-serif';\">Na verdade, primeiramente, tive a inspira\u00e7\u00e3o de presentear seleto grupo de amigas, amigos e parentes com uma colet\u00e2nea dos meus textos, porque n\u00e3o me sentia \u00e0 vontade para distribuir levianamente aos quatro cantos do mundo meus pensamentos \u00edntimos, ainda que mantivesse vivo aquele velho sonho de ser uma escritora famosa, mas acreditava que somente esse seleto grupo suportaria, pela amizade que acredito nutrir reciprocamente, ler minhas divaga\u00e7\u00f5es e meus desabafos.<\/span><\/p>\n<p style=\"text-align: justify; background: white; margin: 3.6pt 0cm 3.6pt 0cm;\"><span style=\"font-family: 'Calibri','sans-serif';\">Mas, como sou uma mulher em constante transforma\u00e7\u00e3o, decidi que quero sim publicar minha escrita, mas de uma forma mais fluida, neste Blog, em que colocarei minhas cr\u00f4nicas, pensamentos, divaga\u00e7\u00f5es e at\u00e9, se coragem eu tiver, um despretensioso romance, ainda em processo de cria\u00e7\u00e3o.<\/span><\/p>\n<p>&nbsp;<\/p>\n<h4>Frequ\u00eancia<\/h4>\n<p style=\"text-align: justify; background: white; margin: 3.6pt 0cm 3.6pt 0cm;\"><span style=\"font-family: 'Calibri','sans-serif';\">Ainda n\u00e3o me decidi sobre a frequ\u00eancia da publica\u00e7\u00e3o das cr\u00f4nicas e demais conte\u00fados no Blog, at\u00e9 porque j\u00e1 tenho algumas dezenas delas escritas h\u00e1 quase duas d\u00e9cadas, e muitas ser\u00e3o editadas porque muita coisa, al\u00e9m de mim mesma, mudou ao longo desse tempo que passou; e como! Mas vai ser divertido revisitar a Lili balzaquiana, antes de tantas mudan\u00e7as. E o romance, se realmente decidir publicar, penso em publicar um cap\u00edtulo uma vez por semana, pra voc\u00eas acompanharem feito novela. Ent\u00e3o, sejam bem-vindas, bem-vindos, leitoras e leitores! <\/span><\/p>\n","protected":false},"excerpt":{"rendered":"<p>N\u00e3o vou mentir: durante anos, nutri o sonho de me tornar uma escritora famosa, apesar do p\u00e2nico de falar em p\u00fablico e de ser o centro das aten\u00e7\u00f5es (isso seria\/\u00e9 impens\u00e1vel e impratic\u00e1vel), mas mesmo assim, sempre gostei de escrever e acredito que tenha certa habilidade para a escrita, desde os tempos da escola, n\u00e3o &#8230; <a title=\"O Blog\" class=\"read-more\" href=\"https:\/\/cotidianamentelili.com.br\/?page_id=9\" aria-label=\"Read more about O Blog\">Ler mais<\/a><\/p>\n","protected":false},"author":1,"featured_media":0,"parent":0,"menu_order":0,"comment_status":"closed","ping_status":"closed","template":"","meta":{"footnotes":""},"class_list":["post-9","page","type-page","status-publish"],"_links":{"self":[{"href":"https:\/\/cotidianamentelili.com.br\/index.php?rest_route=\/wp\/v2\/pages\/9","targetHints":{"allow":["GET"]}}],"collection":[{"href":"https:\/\/cotidianamentelili.com.br\/index.php?rest_route=\/wp\/v2\/pages"}],"about":[{"href":"https:\/\/cotidianamentelili.com.br\/index.php?rest_route=\/wp\/v2\/types\/page"}],"author":[{"embeddable":true,"href":"https:\/\/cotidianamentelili.com.br\/index.php?rest_route=\/wp\/v2\/users\/1"}],"replies":[{"embeddable":true,"href":"https:\/\/cotidianamentelili.com.br\/index.php?rest_route=%2Fwp%2Fv2%2Fcomments&post=9"}],"version-history":[{"count":11,"href":"https:\/\/cotidianamentelili.com.br\/index.php?rest_route=\/wp\/v2\/pages\/9\/revisions"}],"predecessor-version":[{"id":108,"href":"https:\/\/cotidianamentelili.com.br\/index.php?rest_route=\/wp\/v2\/pages\/9\/revisions\/108"}],"wp:attachment":[{"href":"https:\/\/cotidianamentelili.com.br\/index.php?rest_route=%2Fwp%2Fv2%2Fmedia&parent=9"}],"curies":[{"name":"wp","href":"https:\/\/api.w.org\/{rel}","templated":true}]}}